{"id":3205,"date":"2025-02-09T12:32:07","date_gmt":"2025-02-09T12:32:07","guid":{"rendered":"https:\/\/reavid.es\/?post_type=product&#038;p=3205"},"modified":"2026-03-14T02:03:59","modified_gmt":"2026-03-14T02:03:59","slug":"botiquin-de-nylon-super-rol-color-negro","status":"publish","type":"product","link":"https:\/\/reavid.es\/index.php\/producto\/botiquin-de-nylon-super-rol-color-negro\/","title":{"rendered":"Botiqu\u00edn PREMIUM de Nylon Super ROL color Negro"},"content":{"rendered":"<p>Botiqu\u00edn fabricado en nylon de color rojo con interior extensible y colgador central.<\/p>\n<div><\/div>\n<div>\n<ul>\n<li>12 compartimentos en su interior extensible para facilitar la distribuci\u00f3n del material.<\/li>\n<li>1 compartimento adicional de mayor tama\u00f1 o y con cierre individual mediante cremallera para la colocaci\u00f3n de frascos o productos voluminosos.<\/li>\n<li>Apertura y cierre mediante cremallera exterior que recorre todo el per\u00edmetro del botiqu\u00ed n permitiendo una apertura total del neceser para mayor facilidad de manejo.<\/li>\n<li>Colgador central.<\/li>\n<li>Posibilidad de personalizaci\u00f3n tanto en color como en serigraf\u00eda, seg\u00fan cantidades.<\/li>\n<li>Embalado individualmente mediante retractilado transparente.<\/li>\n<li>Medidas: 30 cm x 19 cm x 6 cm.<\/li>\n<\/ul>\n<p>1 Algod\u00f3n zig-zag de 25\u00a0gr<br \/>\n1 Ap\u00f3sito adhesivo de 6 cm x 1 m<br \/>\n3 Ap\u00f3sito adhesivo de 5 cm x 7,5 cm<br \/>\n10 Ap\u00f3sitos adhesivos de 19 mm x 72 mm<br \/>\n1 Botella de agua oxigenada de 250\u00a0ml<br \/>\n1 Esparadrapo hipoal\u00e9rgico de 1,25 cm x 5 m<br \/>\n1 Monodosis de povidona yodada de 10\u00a0ml<br \/>\n2 Par de guantes de vinilo (talla M)<br \/>\n1 Pinza de acero inoxidable de 11 cm<br \/>\n3 Sobre de gel\u00a0hidroalcoh\u00f3lico<br \/>\n3 Sobres de gasas est\u00e9riles de 16 cm x 25 cm (sobres 5\u00a0uds)<br \/>\n6 Sueros fisiol\u00f3gicos de 5\u00a0ml<br \/>\n1 Term\u00f3metro digital<br \/>\n1 Tijera de acero inoxidable de 11,5 cm<br \/>\n2 Vendas orilladas de 5 cm x 5 m<br \/>\n1 Vendas orilladas de 5 cm x 7 m<\/p>\n<\/div>\n","protected":false},"excerpt":{"rendered":"<p>Botiqu\u00edn fabricado en nylon de color rojo con interior extensible y colgador central. 12 compartimentos en su interior extensible para facilitar la distribuci\u00f3n del material. 1 compartimento adicional de mayor tama\u00f1 o y con cierre individual mediante cremallera para la colocaci\u00f3n de frascos o productos voluminosos. Apertura y cierre mediante cremallera exterior que recorre todo el per\u00edmetro del botiqu\u00ed n permitiendo una apertura total del neceser para mayor facilidad de manejo. Colgador central. Posibilidad de personalizaci\u00f3n tanto en color como en serigraf\u00eda, seg\u00fan cantidades. Embalado individualmente mediante retractilado transparente. Medidas: 30 cm x 19 cm x 6 cm. 1 Algod\u00f3n zig-zag de 25\u00a0gr 1 Ap\u00f3sito adhesivo de 6 cm x 1 m 3 Ap\u00f3sito adhesivo de 5 cm x 7,5 cm 10 Ap\u00f3sitos adhesivos de 19 mm x 72 mm 1 Botella de agua oxigenada de 250\u00a0ml 1 Esparadrapo hipoal\u00e9rgico de 1,25 cm x 5 m 1 Monodosis de povidona yodada de 10\u00a0ml 2 Par de guantes de vinilo (talla M) 1 Pinza de acero inoxidable de 11 cm 3 Sobre de gel\u00a0hidroalcoh\u00f3lico 3 Sobres de gasas est\u00e9riles de 16 cm x 25 cm (sobres 5\u00a0uds) 6 Sueros fisiol\u00f3gicos de 5\u00a0ml 1 Term\u00f3metro digital 1 Tijera de acero inoxidable de 11,5 cm 2 Vendas orilladas de 5 cm x 5 m 1 Vendas orilladas de 5 cm x 7 m<\/p>\n","protected":false},"featured_media":3207,"comment_status":"open","ping_status":"closed","template":"","meta":{"_acf_changed":false},"product_brand":[],"product_cat":[72],"product_tag":[],"class_list":{"0":"post-3205","1":"product","2":"type-product","3":"status-publish","4":"has-post-thumbnail","6":"product_cat-botiquines","8":"first","9":"instock","10":"shipping-taxable","11":"purchasable","12":"product-type-variable"},"acf":[],"yoast_head":"<!-- This site is optimized with the Yoast SEO plugin v24.0 - https:\/\/yoast.com\/wordpress\/plugins\/seo\/ -->\n<title>Botiqu\u00edn PREMIUM de Nylon Super ROL color Negro - REAVID<\/title>\n<meta name=\"robots\" content=\"index, follow, max-snippet:-1, max-image-preview:large, max-video-preview:-1\" \/>\n<link rel=\"canonical\" href=\"https:\/\/reavid.es\/index.php\/producto\/botiquin-de-nylon-super-rol-color-negro\/\" \/>\n<meta property=\"og:locale\" content=\"es_ES\" \/>\n<meta property=\"og:type\" content=\"article\" \/>\n<meta property=\"og:title\" content=\"Botiqu\u00edn PREMIUM de Nylon Super ROL color Negro - REAVID\" \/>\n<meta property=\"og:description\" content=\"Botiqu\u00edn fabricado en nylon de color rojo con interior extensible y colgador central. 12 compartimentos en su interior extensible para facilitar la distribuci\u00f3n del material. 1 compartimento adicional de mayor tama\u00f1 o y con cierre individual mediante cremallera para la colocaci\u00f3n de frascos o productos voluminosos. Apertura y cierre mediante cremallera exterior que recorre todo el per\u00edmetro del botiqu\u00ed n permitiendo una apertura total del neceser para mayor facilidad de manejo. Colgador central. Posibilidad de personalizaci\u00f3n tanto en color como en serigraf\u00eda, seg\u00fan cantidades. Embalado individualmente mediante retractilado transparente. Medidas: 30 cm x 19 cm x 6 cm. 1 Algod\u00f3n zig-zag de 25\u00a0gr 1 Ap\u00f3sito adhesivo de 6 cm x 1 m 3 Ap\u00f3sito adhesivo de 5 cm x 7,5 cm 10 Ap\u00f3sitos adhesivos de 19 mm x 72 mm 1 Botella de agua oxigenada de 250\u00a0ml 1 Esparadrapo hipoal\u00e9rgico de 1,25 cm x 5 m 1 Monodosis de povidona yodada de 10\u00a0ml 2 Par de guantes de vinilo (talla M) 1 Pinza de acero inoxidable de 11 cm 3 Sobre de gel\u00a0hidroalcoh\u00f3lico 3 Sobres de gasas est\u00e9riles de 16 cm x 25 cm (sobres 5\u00a0uds) 6 Sueros fisiol\u00f3gicos de 5\u00a0ml 1 Term\u00f3metro digital 1 Tijera de acero inoxidable de 11,5 cm 2 Vendas orilladas de 5 cm x 5 m 1 Vendas orilladas de 5 cm x 7 m\" \/>\n<meta property=\"og:url\" content=\"https:\/\/reavid.es\/index.php\/producto\/botiquin-de-nylon-super-rol-color-negro\/\" \/>\n<meta property=\"og:site_name\" content=\"REAVID\" \/>\n<meta property=\"article:modified_time\" content=\"2026-03-14T02:03:59+00:00\" \/>\n<meta property=\"og:image\" content=\"https:\/\/reavid.es\/wp-content\/uploads\/2025\/02\/Botiquin_de_Nylon_Super_ROL_color_Negro_30.jpg\" \/>\n\t<meta property=\"og:image:width\" content=\"1024\" \/>\n\t<meta property=\"og:image:height\" content=\"1024\" \/>\n\t<meta property=\"og:image:type\" content=\"image\/jpeg\" \/>\n<meta name=\"twitter:card\" content=\"summary_large_image\" \/>\n<meta name=\"twitter:label1\" content=\"Tiempo de lectura\" \/>\n\t<meta name=\"twitter:data1\" content=\"1 minuto\" \/>\n<script type=\"application\/ld+json\" class=\"yoast-schema-graph\">{\"@context\":\"https:\/\/schema.org\",\"@graph\":[{\"@type\":\"WebPage\",\"@id\":\"https:\/\/reavid.es\/index.php\/producto\/botiquin-de-nylon-super-rol-color-negro\/\",\"url\":\"https:\/\/reavid.es\/index.php\/producto\/botiquin-de-nylon-super-rol-color-negro\/\",\"name\":\"Botiqu\u00edn PREMIUM de Nylon Super ROL color Negro - REAVID\",\"isPartOf\":{\"@id\":\"https:\/\/reavid.es\/#website\"},\"primaryImageOfPage\":{\"@id\":\"https:\/\/reavid.es\/index.php\/producto\/botiquin-de-nylon-super-rol-color-negro\/#primaryimage\"},\"image\":{\"@id\":\"https:\/\/reavid.es\/index.php\/producto\/botiquin-de-nylon-super-rol-color-negro\/#primaryimage\"},\"thumbnailUrl\":\"https:\/\/reavid.es\/wp-content\/uploads\/2025\/02\/Botiquin_de_Nylon_Super_ROL_color_Negro_30.jpg\",\"datePublished\":\"2025-02-09T12:32:07+00:00\",\"dateModified\":\"2026-03-14T02:03:59+00:00\",\"breadcrumb\":{\"@id\":\"https:\/\/reavid.es\/index.php\/producto\/botiquin-de-nylon-super-rol-color-negro\/#breadcrumb\"},\"inLanguage\":\"es\",\"potentialAction\":[{\"@type\":\"ReadAction\",\"target\":[\"https:\/\/reavid.es\/index.php\/producto\/botiquin-de-nylon-super-rol-color-negro\/\"]}]},{\"@type\":\"ImageObject\",\"inLanguage\":\"es\",\"@id\":\"https:\/\/reavid.es\/index.php\/producto\/botiquin-de-nylon-super-rol-color-negro\/#primaryimage\",\"url\":\"https:\/\/reavid.es\/wp-content\/uploads\/2025\/02\/Botiquin_de_Nylon_Super_ROL_color_Negro_30.jpg\",\"contentUrl\":\"https:\/\/reavid.es\/wp-content\/uploads\/2025\/02\/Botiquin_de_Nylon_Super_ROL_color_Negro_30.jpg\",\"width\":1024,\"height\":1024},{\"@type\":\"BreadcrumbList\",\"@id\":\"https:\/\/reavid.es\/index.php\/producto\/botiquin-de-nylon-super-rol-color-negro\/#breadcrumb\",\"itemListElement\":[{\"@type\":\"ListItem\",\"position\":1,\"name\":\"Portada\",\"item\":\"https:\/\/reavid.es\/\"},{\"@type\":\"ListItem\",\"position\":2,\"name\":\"TIENDA\",\"item\":\"https:\/\/reavid.es\/index.php\/shop-wooshop-v1\/\"},{\"@type\":\"ListItem\",\"position\":3,\"name\":\"Botiqu\u00edn PREMIUM de Nylon Super ROL color Negro\"}]},{\"@type\":\"WebSite\",\"@id\":\"https:\/\/reavid.es\/#website\",\"url\":\"https:\/\/reavid.es\/\",\"name\":\"REAVID\",\"description\":\"\",\"publisher\":{\"@id\":\"https:\/\/reavid.es\/#organization\"},\"potentialAction\":[{\"@type\":\"SearchAction\",\"target\":{\"@type\":\"EntryPoint\",\"urlTemplate\":\"https:\/\/reavid.es\/?s={search_term_string}\"},\"query-input\":{\"@type\":\"PropertyValueSpecification\",\"valueRequired\":true,\"valueName\":\"search_term_string\"}}],\"inLanguage\":\"es\"},{\"@type\":\"Organization\",\"@id\":\"https:\/\/reavid.es\/#organization\",\"name\":\"REAVID\",\"url\":\"https:\/\/reavid.es\/\",\"logo\":{\"@type\":\"ImageObject\",\"inLanguage\":\"es\",\"@id\":\"https:\/\/reavid.es\/#\/schema\/logo\/image\/\",\"url\":\"https:\/\/reavid.es\/wp-content\/uploads\/2022\/06\/cropped-logoReavidHeader.png\",\"contentUrl\":\"https:\/\/reavid.es\/wp-content\/uploads\/2022\/06\/cropped-logoReavidHeader.png\",\"width\":450,\"height\":162,\"caption\":\"REAVID\"},\"image\":{\"@id\":\"https:\/\/reavid.es\/#\/schema\/logo\/image\/\"}}]}<\/script>\n<!-- \/ Yoast SEO plugin. -->","yoast_head_json":{"title":"Botiqu\u00edn PREMIUM de Nylon Super ROL color Negro - REAVID","robots":{"index":"index","follow":"follow","max-snippet":"max-snippet:-1","max-image-preview":"max-image-preview:large","max-video-preview":"max-video-preview:-1"},"canonical":"https:\/\/reavid.es\/index.php\/producto\/botiquin-de-nylon-super-rol-color-negro\/","og_locale":"es_ES","og_type":"article","og_title":"Botiqu\u00edn PREMIUM de Nylon Super ROL color Negro - REAVID","og_description":"Botiqu\u00edn fabricado en nylon de color rojo con interior extensible y colgador central. 12 compartimentos en su interior extensible para facilitar la distribuci\u00f3n del material. 1 compartimento adicional de mayor tama\u00f1 o y con cierre individual mediante cremallera para la colocaci\u00f3n de frascos o productos voluminosos. Apertura y cierre mediante cremallera exterior que recorre todo el per\u00edmetro del botiqu\u00ed n permitiendo una apertura total del neceser para mayor facilidad de manejo. Colgador central. Posibilidad de personalizaci\u00f3n tanto en color como en serigraf\u00eda, seg\u00fan cantidades. Embalado individualmente mediante retractilado transparente. Medidas: 30 cm x 19 cm x 6 cm. 1 Algod\u00f3n zig-zag de 25\u00a0gr 1 Ap\u00f3sito adhesivo de 6 cm x 1 m 3 Ap\u00f3sito adhesivo de 5 cm x 7,5 cm 10 Ap\u00f3sitos adhesivos de 19 mm x 72 mm 1 Botella de agua oxigenada de 250\u00a0ml 1 Esparadrapo hipoal\u00e9rgico de 1,25 cm x 5 m 1 Monodosis de povidona yodada de 10\u00a0ml 2 Par de guantes de vinilo (talla M) 1 Pinza de acero inoxidable de 11 cm 3 Sobre de gel\u00a0hidroalcoh\u00f3lico 3 Sobres de gasas est\u00e9riles de 16 cm x 25 cm (sobres 5\u00a0uds) 6 Sueros fisiol\u00f3gicos de 5\u00a0ml 1 Term\u00f3metro digital 1 Tijera de acero inoxidable de 11,5 cm 2 Vendas orilladas de 5 cm x 5 m 1 Vendas orilladas de 5 cm x 7 m","og_url":"https:\/\/reavid.es\/index.php\/producto\/botiquin-de-nylon-super-rol-color-negro\/","og_site_name":"REAVID","article_modified_time":"2026-03-14T02:03:59+00:00","og_image":[{"width":1024,"height":1024,"url":"https:\/\/reavid.es\/wp-content\/uploads\/2025\/02\/Botiquin_de_Nylon_Super_ROL_color_Negro_30.jpg","type":"image\/jpeg"}],"twitter_card":"summary_large_image","twitter_misc":{"Tiempo de lectura":"1 minuto"},"schema":{"@context":"https:\/\/schema.org","@graph":[{"@type":"WebPage","@id":"https:\/\/reavid.es\/index.php\/producto\/botiquin-de-nylon-super-rol-color-negro\/","url":"https:\/\/reavid.es\/index.php\/producto\/botiquin-de-nylon-super-rol-color-negro\/","name":"Botiqu\u00edn PREMIUM de Nylon Super ROL color Negro - REAVID","isPartOf":{"@id":"https:\/\/reavid.es\/#website"},"primaryImageOfPage":{"@id":"https:\/\/reavid.es\/index.php\/producto\/botiquin-de-nylon-super-rol-color-negro\/#primaryimage"},"image":{"@id":"https:\/\/reavid.es\/index.php\/producto\/botiquin-de-nylon-super-rol-color-negro\/#primaryimage"},"thumbnailUrl":"https:\/\/reavid.es\/wp-content\/uploads\/2025\/02\/Botiquin_de_Nylon_Super_ROL_color_Negro_30.jpg","datePublished":"2025-02-09T12:32:07+00:00","dateModified":"2026-03-14T02:03:59+00:00","breadcrumb":{"@id":"https:\/\/reavid.es\/index.php\/producto\/botiquin-de-nylon-super-rol-color-negro\/#breadcrumb"},"inLanguage":"es","potentialAction":[{"@type":"ReadAction","target":["https:\/\/reavid.es\/index.php\/producto\/botiquin-de-nylon-super-rol-color-negro\/"]}]},{"@type":"ImageObject","inLanguage":"es","@id":"https:\/\/reavid.es\/index.php\/producto\/botiquin-de-nylon-super-rol-color-negro\/#primaryimage","url":"https:\/\/reavid.es\/wp-content\/uploads\/2025\/02\/Botiquin_de_Nylon_Super_ROL_color_Negro_30.jpg","contentUrl":"https:\/\/reavid.es\/wp-content\/uploads\/2025\/02\/Botiquin_de_Nylon_Super_ROL_color_Negro_30.jpg","width":1024,"height":1024},{"@type":"BreadcrumbList","@id":"https:\/\/reavid.es\/index.php\/producto\/botiquin-de-nylon-super-rol-color-negro\/#breadcrumb","itemListElement":[{"@type":"ListItem","position":1,"name":"Portada","item":"https:\/\/reavid.es\/"},{"@type":"ListItem","position":2,"name":"TIENDA","item":"https:\/\/reavid.es\/index.php\/shop-wooshop-v1\/"},{"@type":"ListItem","position":3,"name":"Botiqu\u00edn PREMIUM de Nylon Super ROL color Negro"}]},{"@type":"WebSite","@id":"https:\/\/reavid.es\/#website","url":"https:\/\/reavid.es\/","name":"REAVID","description":"","publisher":{"@id":"https:\/\/reavid.es\/#organization"},"potentialAction":[{"@type":"SearchAction","target":{"@type":"EntryPoint","urlTemplate":"https:\/\/reavid.es\/?s={search_term_string}"},"query-input":{"@type":"PropertyValueSpecification","valueRequired":true,"valueName":"search_term_string"}}],"inLanguage":"es"},{"@type":"Organization","@id":"https:\/\/reavid.es\/#organization","name":"REAVID","url":"https:\/\/reavid.es\/","logo":{"@type":"ImageObject","inLanguage":"es","@id":"https:\/\/reavid.es\/#\/schema\/logo\/image\/","url":"https:\/\/reavid.es\/wp-content\/uploads\/2022\/06\/cropped-logoReavidHeader.png","contentUrl":"https:\/\/reavid.es\/wp-content\/uploads\/2022\/06\/cropped-logoReavidHeader.png","width":450,"height":162,"caption":"REAVID"},"image":{"@id":"https:\/\/reavid.es\/#\/schema\/logo\/image\/"}}]}},"jetpack_sharing_enabled":true,"_links":{"self":[{"href":"https:\/\/reavid.es\/index.php\/wp-json\/wp\/v2\/product\/3205","targetHints":{"allow":["GET"]}}],"collection":[{"href":"https:\/\/reavid.es\/index.php\/wp-json\/wp\/v2\/product"}],"about":[{"href":"https:\/\/reavid.es\/index.php\/wp-json\/wp\/v2\/types\/product"}],"replies":[{"embeddable":true,"href":"https:\/\/reavid.es\/index.php\/wp-json\/wp\/v2\/comments?post=3205"}],"wp:featuredmedia":[{"embeddable":true,"href":"https:\/\/reavid.es\/index.php\/wp-json\/wp\/v2\/media\/3207"}],"wp:attachment":[{"href":"https:\/\/reavid.es\/index.php\/wp-json\/wp\/v2\/media?parent=3205"}],"wp:term":[{"taxonomy":"product_brand","embeddable":true,"href":"https:\/\/reavid.es\/index.php\/wp-json\/wp\/v2\/product_brand?post=3205"},{"taxonomy":"product_cat","embeddable":true,"href":"https:\/\/reavid.es\/index.php\/wp-json\/wp\/v2\/product_cat?post=3205"},{"taxonomy":"product_tag","embeddable":true,"href":"https:\/\/reavid.es\/index.php\/wp-json\/wp\/v2\/product_tag?post=3205"}],"curies":[{"name":"wp","href":"https:\/\/api.w.org\/{rel}","templated":true}]}}